ighest common factor of u and 11?
11
Let p be (1196/184 - (2 + 0 + 4))*4688. Calculate the greatest common divisor of 32 and p.
8
Let b be ((-60)/(-15) - (-27 - 2)) + 3. Calculate the greatest common factor of 333 and b.
9
Let j be ((-16)/(-120)*-414)/(6/(-15)). Calculate the highest common divisor of 6417 and j.
69
Let y be (90/(-60))/(1/(-2)) + 2. Suppose -2*o = y*s - 62, -4*s + 0*o + 53 = 5*o. What is the highest common factor of 24 and s?
12
Let w(k) = -29*k + 1174. Let o be w(-8). Calculate the greatest common factor of 4 and o.
2
Let a be (-72)/(-16)*(-12)/9. Let v be ((-15274)/(-168) + 1/a)*4. Let l = -211 + v. What is the highest common factor of 19 and l?
19
Let o be (21 - 25)*3*(-3)/12. Suppose -o*k - 3*z = -747, 6*k - 497 = 4*k - z. Calculate the greatest common factor of 16 and k.
8
Suppose -98*x = -92*x - 76*x + 1050. Calculate the greatest common factor of x and 95.
5
Let o(t) = 9*t + 11. Let p be o(1). Suppose -2*c - 324 = -p*c. What is the greatest common factor of 36 and c?
18
Suppose 9*d - 30 = 4*w, 6*d - 18 = -4*w + 7*d. Let x = 23 + -1. Calculate the greatest common factor of w and x.
2
Suppose 5*r - 660 + 209 = -3*s, -4*s + 2*r = -610. Calculate the greatest common factor of 6156 and s.
76
Let a = 837 - 475. Suppose -a*m = -368*m + 90. What is the highest common factor of m and 345?
15
Let y be 6/15*15 + (3 - 1). Suppose -y*s = -3*s - 60. Let w(n) = n**3 - 7*n**2 + 9*n - 12. Let l be w(6). Calculate the greatest common divisor of l and s.
6
Let i be 131 + 3/15*5. Suppose -2*z + 86 + 127 = l, -2*l = -2*z + 222. What is the greatest common divisor of i and z?
12
Let t be (8918/6279 - 2/23)/((-3)/(-225)). Let c(q) = -450*q. Let o be c(-2). What is the greatest common factor of t and o?
100
Let u be 5508/228 + (-24)/152. Calculate the greatest common factor of 12588 and u.
12
Let t(p) = 161*p + 875. Let f be t(-5). What is the highest common factor of f and 380?
10
Suppose -13*m + 2912 = 3*m. Let b = m + 293. What is the highest common factor of 19 and b?
19
Let u = -40 + 55. Suppose 0*p - 4*p + 1662 = 2*q, -3*q = 2*p - 2481. Suppose -q = -22*m + 17*m. What is the highest common divisor of m and u?
15
Suppose 85*g - 76*g + 18 = 0. Let s(v) = -v**3 + 5*v**2 + 3*v + 5. Let y be s(g). Calculate the greatest common divisor of y and 72.
9
Let k(j) = -j**2 + 14*j - 19. Suppose 2*y + c + 0*c = 9, 1 = -c. Let s be k(y). What is the greatest common factor of s and 8?
2
Let s(r) = 5*r**2 + r + 1. Let y = -9 + 8. Let g be s(y). Suppose 4*v - 3*k - 66 = -k, -59 = -4*v - g*k. Calculate the greatest common factor of v and 128.
16
Let r(w) = -555*w + 3234. Let z be r(2). What is the greatest common factor of 45 and z?
9
Let x be ((-939)/(-6) + -12)/(-2 + 25/10). What is the greatest common factor of 527 and x?
17
Let k = 119 - 41. Let m be -3 - 0 - -415 - 4. Suppose m*g + 30 = 413*g. Calculate the greatest common factor of g and k.
6
Suppose 830 + 178 = 14*g. What is the greatest common factor of g and 28?
4
Let h = 64 - 10. Suppose 3*l + 376 = 3*g + 5*l, -g - 4*l + 122 = 0. What is the highest common divisor of h and g?
18
Suppose -3*c - 219 = -291. Let s be (0 - (-4 + 1))*184/c. What is the greatest common factor of 46 and s?
23
Let y be (16/(-10) - -2)*5. Suppose 0 = 5*i - 5*j - 50, -36 = -2*i - 2*i + 3*j. Let t be (-1616)/(-48) + (-10)/i. What is the highest common divisor of t and y?
2
Suppose -12 = 6*a - 9*a. Suppose -2*j - 2*u + 0*u + 28 = 0, a*u - 5 = -j. Suppose -15*w + j*w - 24 = 0. What is the greatest common factor of w and 6?
6
Suppose -3*u - 10 = 2*b - 49, 2*u = 3*b - 39. Let d = b - 11. Suppose 49 = d*v - 3*r, r = -r + 10. Calculate the greatest common factor of 12 and v.
4
Let b = 19 - 8. Suppose 10*c + c = 253. Let h = c - b. What is the greatest common factor of 6 and h?
6
Let k(m) = -m**3 - 94*m**2 - 213*m. Let a be k(-92). Calculate the greatest common factor of 348 and a.
116
Suppose -2*h - 180 = -7*h. Let n(x) = -6*x**3 - 2*x**2 - x - 12. Let y be n(-3). What is the highest common divisor of y and h?
9
Suppose -553*t + 511*t = -724626. Calculate the highest common divisor of 426 and t.
213
Let m = -2 - -246. Let a = -232 + m. Calculate the highest common divisor of a and 3.
3
Let z(n) = -8*n - 50. Let p be z(-6). Suppose 58 = -6*k + 256. Let d be p/11 + 1/k*699. Calculate the greatest common factor of d and 9.
3
Let a = -7695 - -7709. Calculate the greatest common factor of a and 9632.
14
Suppose 111 = -2*x + 423. Let c be (-12)/7*(-77)/(-22). Let w be (2 - (c + 4))/(3/78). Calculate the highest common divisor of w and x.
52
Suppose m = 5*n + 9 + 29, -m + 3*n + 40 = 0. Let f = m + -43. Suppose -u + 9 + 3 = f. What is the highest common divisor of 6 and u?
6
Suppose 0*t - 3*t + 3 = 5*q, 4*q - 3*t = -3. Suppose q = -5*v + 1035 - 185. Calculate the highest common divisor of 34 and v.
34
Let d = -54 - -60. Suppose -w = -d*s + 9*s - 80, 276 = 4*w + s. What is the highest common divisor of 17 and w?
17
Suppose 9*j - 66 = -24*j. Calculate the highest common factor of 140 and j.
2
Let n be (0 + 18/(-10))/((-21)/70). Let g be ((-9)/(-4))/(2/16). Calculate the greatest common factor of g and n.
6
Let w(v) = -2*v**2 + 119*v - 1017. Let c be w(48). What is the greatest common divisor of 36 and c?
3
Suppose 0 = -4*w + 5*g - 62 + 361, 0 = 2*w - 2*g - 150. What is the greatest common factor of w and 3116?
76
Let n be 3/7 + 5460620/154 + 21. What is the highest common divisor of n and 40?
40
Suppose -158 = -2*a + 4*v - 2*v, -430 = -5*a - 2*v. Suppose -4*q - 12 = -0*q, -5*c + 3*q = -a. Calculate the highest common factor of 105 and c.
15
Suppose 0 = -3*w + 6*w + s - 7124, 4*w = -2*s + 9498. Calculate the highest common divisor of 625 and w.
125
Let w(t) = -18*t**3 + 3*t**2 - 7*t - 17. Let z be w(-2). Let n be (-1 + 0)/(3/915). Let d be 1/3 + n/(-3). What is the greatest common factor of d and z?
51
Let a(n) = 13*n - 3. Suppose 0 = 106*p - 107*p + 4. Let w be a(p). What is the highest common divisor of 14 and w?
7
Let w = 16 - -47. Suppose 24*m - 70 = 10*m. Suppose -m*r = -n - 0*n - 16, -4*n - 3*r = -51. Calculate the highest common factor of w and n.
9
Let a = -687 + 962. Suppose 255 = -5*r + a. Suppose -2*n + 2 = -4. Calculate the highest common divisor of r and n.
1
Let a be (6/(-9)*-1)/((-6)/1773). Let k = -82 - a. Let p be (4 - 5)*(1 + -47). What is the highest common factor of k and p?
23
Let a(m) = -28*m + 1469. Let d be a(39). What is the greatest common factor of d and 26?
13
Let q = 35276 - 35003. Calculate the greatest common divisor of q and 672.
21
Let m(k) = k**3 - 6*k**2 - 2*k + 15. Let w be m(6). Suppose w*r = l + 31, 10*l + 40 = 4*r + 8*l. Calculate the greatest common divisor of r and 352.
11
Let h = -2358 + 2369. Suppose 1853 = 2*u - v - 4*v, 5*u = 3*v + 4680. Suppose -5*w + u = 224. Calculate the greatest common divisor of w and h.
11
Suppose 55 = 3*f - 35. Suppose 9325 = 96*g + 4114 - 11109. Calculate the greatest common factor of g and f.
10
Suppose 4*v = 3*c - 1484, -v = -5*v - 2*c - 1504. Let a = 383 + v. What is the greatest common factor of 207 and a?
9
Let p = -3952 - -11086. Let y be 1/(-3) + 6/(108/p). Let w = -70 + 106. Calculate the greatest common divisor of w and y.
36
Suppose -41*l + 14400 = 7*l. Let c be l/180*(-108)/(-5). Calculate the greatest common divisor of 24 and c.
12
Let g be 133/(-2)*((-80)/35 + 4). Let c = g + 129. Let z = 44 + -29. What is the highest common divisor of z and c?
15
Let h = -229 - -301. Let z(r) = r**3 - 4*r**2 + 4*r - 1. Let v be z(3). Let t be 16/(-1)*v/(-4). What is the highest common factor of h and t?
8
Let r(a) be the first derivative of a**2/2 + 7*a - 55. Let i be r(4). Calculate the greatest common factor of 1 and i.
1
Suppose -2*c = -0 + 14. Let x be 6 + -3 - c - -5. Calculate the greatest common divisor of x and 165.
15
Let d(j) = j**3 - 4*j**2 - 12*j + 19. Let c be d(6). Let i(x) = -12*x + 7. Let z be i(-5). Let w = 143 - z. What is the highest common factor of w and c?
19
Suppose -32 = -m - 186*n + 187*n, 3*m - 2*n - 91 = 0. What is the greatest common divisor of m and 38421?
27
Let s = -637 + 736. Suppose s*p - 92*p = 224. Calculate the greatest common factor of p and 800.
32
Let c = -323 + 324. Let z be c - (-36)/10 - (-63)/(-105). Calculate the greatest com